 digit of s/15*(35 - 2)?
5
Suppose 0 = 3*j - 31 - 182. What is the units digit of j?
1
Let b(k) be the first derivative of 1/2*k**2 - 3 + 5*k. What is the units digit of b(-4)?
1
Let s(j) = -j**2 + j. Let u be s(0). Suppose -3*i = -u*x + 3*x - 90, -12 = -x + 5*i. What is the tens digit of x?
2
Let a(g) = 3*g - 4. Let u(v) = v**2 + 5*v + 3. Let h be u(-3). Let m be ((-8)/3)/(2/h). What is the units digit of a(m)?
8
Let s = 2 + 8. What is the tens digit of s?
1
Let y(z) = 5*z**2 - 3*z - 3. Let q(r) = -r**3 + 7*r**2 + 7*r + 11. Let v be q(8). Let l be y(v). What is the units digit of l/15 + (-2)/10?
2
Let x = 8 + -6. Suppose 2 + 12 = x*k. What is the units digit of k?
7
Let r(m) = -1 - 2 + 2*m**2 - m**2 - 4*m. What is the tens digit of r(-3)?
1
Let y be -11 - -4*(-3)/6. Let l = -9 - y. What is the tens digit of (-1)/l - (-41)/4?
1
Suppose -2*i + 5*m = -5*i + 259, 5*i + m = 417. What is the units digit of i?
3
Let p = 5 - 2. Let i be 1/p + (-42)/(-9). Suppose -2*b - 2*n = -10, -3*b - 18 = -4*n - i. What is the units digit of b?
1
Let w(v) = 4*v**2 - v**2 + 2*v - 2*v**2 + 2*v - 7. Let l be w(-6). What is the units digit of (-4 - -1)*l/(-15)?
1
Suppose 2*r - 90 = -3*r. Let z = -26 - -14. Let f = z + r. What is the units digit of f?
6
Let d(l) = -25*l. Let n = 18 + -19. What is the tens digit of d(n)?
2
What is the units digit of (340 + -15)*2/5?
0
Let j = -20 - -26. What is the tens digit of (-175)/(-5) - j/(-2)?
3
Let t be 10/20*(-1 - -59). Suppose 0 = -5*h - t + 144. What is the tens digit of h?
2
Let r(a) = -6*a**3 + 2*a**2 + 4*a + 3. What is the tens digit of r(-2)?
5
Let i(j) = 13*j**2 + j. Let t = -8 - -7. What is the tens digit of i(t)?
1
Suppose 9 = 5*j - 4*t - 3, -3*j + 2*t = -6. Suppose -5*z + 181 - 21 = j. What is the tens digit of z?
3
Suppose 0 = -3*f + 5*n + 28, 30 = -f + 5*f - 3*n. Let t = f - 0. What is the units digit of t?
6
Suppose -4*h + 3 + 9 = 0. Suppose -3*q + 3*v - 3 = 0, h*q + 2*v + 2 = 24. Suppose q*y = 24 + 4. What is the units digit of y?
7
Suppose 0 = 5*m - 3*y - 12, m - 4*y = y - 2. Suppose -30 = -3*h + h. What is the units digit of ((-8)/(-5))/(m/h)?
8
Let x(p) = p + 9. Let d(f) = -8. Let r(l) = -5*d(l) - 4*x(l). Let j be r(6). Let b = 28 + j. What is the units digit of b?
8
Let h(f) be the second derivative of 1/6*f**3 + 3/4*f**4 - f - 1/20*f**5 + f**2 + 0. What is the tens digit of h(9)?
1
Suppose 2*f = -4*j + 140, 5*j - 3*j = -2*f + 138. What is the tens digit of f?
6
Let i = 18 + -14. Suppose 2*n - 5*t + t = 74, i*n - 138 = 3*t. What is the units digit of n?
3
Let y = 17 + -8. Let z(q) = q**3 + 4*q**2 + 3*q - 4. Let p be z(-3). Let f = p + y. What is the units digit of f?
5
Let s(g) = -45*g + 40. What is the tens digit of s(-8)?
0
What is the hundreds digit of (110 - -5) + 1/1 + 2?
1
Let t(q) = -q**2 - 9*q + 20. What is the tens digit of t(-9)?
2
Suppose 0 = -5*f - t + 10, 5*f - f + t = 7. Suppose 50 = 2*u + f*u. What is the units digit of u?
0
Suppose 2 = 2*v + 4*k, 5*v - 5*k + 2 - 22 = 0. Suppose -2*n + 104 = 5*d, v*d - 35 = -3*n + 22. What is the tens digit of d?
2
Let t be 2*(-1)/(-2) + -11. Let a(w) = 8 + 9*w**2 - 4*w - 6*w + w**3 + 0*w**2. What is the units digit of a(t)?
8
Let a(j) = -j**2 + 2*j + 0 + 2 - 2*j**3 + j**3. Let r be (-3 + 16/6)*6. What is the units digit of a(r)?
2
Suppose 6 = -4*d - 5*y, -2*d - 3 = -3*d + y. Let i be d + (1 - 0) - -3. Suppose 7 = i*w + 2. What is the units digit of w?
1
Let j(m) = m**3 - 11*m**2 - 7*m - 1. What is the units digit of j(12)?
9
Suppose 5*l - 85 = -0*n + 3*n, 0 = -n - 3*l - 33. Let d = 58 + n. What is the units digit of d?
8
Suppose -2*q = w + 74 - 27, 4*w = -5*q - 125. Let p = q - -36. What is the tens digit of p?
1
Suppose z + 3*z + 8 = 0. What is the units digit of 27*(21/9 + z)?
9
Let d(y) = -3*y**2 + 2*y + 1. Let j be d(-2). Let r(o) = o**3 + o**2 - o + 1. Let m be r(-2). What is the units digit of 6/m*j/10?
9
Suppose 38*h - 36*h - 52 = 0. What is the tens digit of h?
2
Let h be (-5 + -1)*(1 + -2). Suppose 4*d - 78 = -h. Suppose -4*f + d = 5*j, 0 = -0*f + 4*f - 4*j. What is the units digit of f?
2
Let j(c) = c**2 + 6*c - 4. Let b be j(-7). Suppose -q = -b*q + 8. What is the units digit of q?
4
Suppose -h = 3*x - 232, 3*h = -1 - 5. What is the tens digit of x?
7
Suppose 2*z + l + 39 = 3*z, 204 = 5*z - 2*l. What is the units digit of z?
2
Suppose -2*j + 0 = -6. Let n be (-16)/24 + 26/j. Let h(w) = 3*w - 6. What is the tens digit of h(n)?
1
Suppose 60 = -4*k + 4*g, -5*k + k - 65 = -5*g. Let p be (-24)/k - 2/5. Suppose 0*i + 8 = p*i. What is the units digit of i?
4
Suppose -2*b + 16 = q, q + 0*b = b + 1. What is the units digit of q?
6
Let s be 2 + (-144)/(2 + -4). Suppose 4*g = 3*p + 102, p + s = 2*g + g. Suppose -3*d + g = 3*o, d - 2*o + 0 + 1 = 0. What is the units digit of d?
5
Suppose -2*a - 498 = -0*r - 4*r, -2*r = 4*a - 254. What is the hundreds digit of r?
1
Let g = 235 - 116. What is the units digit of g?
9
Suppose 3*b + 5*v = 9, 0 = -5*v + 2*v. Suppose 0 = b*f - 0*f - 6. Suppose -2*a + 18 = f*x, -4*a - 5*x = -2*x - 31. What is the units digit of a?
4
Suppose 23*d = 30*d - 1750. What is the units digit of d?
0
Suppose x = -z + 3, 0 = -2*z + 2*x + 2*x + 18. Suppose -3*n + 7 = -z. Suppose -2*w - 20 = -3*m, -9 = -n*m + w + 21. What is the units digit of m?
8
Let c(b) = b**3 + 5*b**2 - 4*b - 3. What is the units digit of c(-4)?
9
What is the units digit of (-4)/(-20) - (-3768)/10?
7
Suppose 6*l = -4*l + 3220. What is the units digit of l?
2
Suppose -4 - 1 = 5*t. What is the units digit of t/4 + 29/4?
7
Let p = 7 + -18. Let y = p - 13. What is the tens digit of (-170)/(-8) - (-6)/y?
2
Let i = -2 - -6. Let h = i - 2. Suppose -23 + 5 = -4*j - 2*y, 3*y + 29 = h*j. What is the units digit of j?
7
Let i = -78 - -112. What is the tens digit of i?
3
Let w be (-3 - (-14)/2)*-1. What is the units digit of w/6 + (-55)/(-15)?
3
Suppose o = 2*o - 2. Let p(j) = j**3 - j**2 - j - 2. Let i be p(o). Suppose y = u + 2*y + 1, -y - 2 = i. What is the units digit of u?
1
Let v(q) = 2*q. Let y be (4 - 1)*(-2)/6. Let d be v(y). What is the units digit of 3*(d/(-3) - -2)?
8
Let w(s) be the first derivative of -s**4/4 + 4*s**3/3 - 3*s**2/2 + s - 2. Let a be w(2). Suppose d = -a*d + 24. What is the units digit of d?
6
Let w = 2 - -3. Let a = w + 2. What is the units digit of a?
7
Let r = -22 + 37. What is the units digit of r?
5
Let n(h) = 6*h**3 - h**2 + 4*h - 3. Let a be n(2). Suppose 3*t + 32 = -4*b, 5*b - 4*t + a = -22. Let v = b - -15. What is the units digit of v?
4
Let n = 15 - 6. What is the units digit of n?
9
Let v(s) = s**2 + 4*s - 8. Let c(u) = -u**2 + 5*u - 6. Let g be 8/12 - (-26)/6. Let x be c(g). What is the units digit of v(x)?
4
Suppose 4*z - 2*m = 16, 0*z - 4*m = -4*z + 16. Suppose 5*s - 38 = -z*p, -2*s + 14 = -0*s + 2*p. What is the units digit of s?
0
Let b(c) = -7*c**3 - 2*c**2 + 2*c + 3. Let i be b(-2). Suppose 5*m = -2*d + i, -5*d + 1 + 39 = -3*m. What is the tens digit of d?
1
Let h(q) = q**2 + 5*q - 2. Let u be h(-6). Suppose 3*t - 17 = -5*x, -u*x + 9*x = 5. What is the units digit of t?
4
Let g be (-2)/(2*(-1)/5). Suppose 0 = -5*c - 3*a + 169, -4*a + 81 = -g*c + 264. Suppose -4*n = n - c. What is the units digit of n?
7
Let b = 9 + -5. What is the units digit of (-2)/b - 767/(-26)?
9
Let n(u) = 41*u. Let a be n(1). Suppose 3*l + 2*q - 147 = 0, -l = -0*l - 2*q - a. What is the units digit of l?
7
Let w be -3 + 22 + 0/(-2). Let s = 33 - w. What is the tens digit of s?
1
What is the units digit of (-888)/(-10) - (-1)/5?
9
Suppose 9*a - 10*a + 10 = 0. What is the units digit of a?
0
Suppose -3*l + 70 = 2*l. Let a = 5 - 3. Suppose l = u - a. What is the tens digit of u?
1
Let a(z) = -z**3 - z**2 + 1. Let j be a(-2). What is the units digit of 53/(4/(-1) + j)?
3
Let y(a) = 2*a - 16. Let g be y(13). Let z = 21 - g. What is the tens digit of z?
1
Let g(w) = -w**3 - w**2 - 18. Let h be g(0). Let t = -9 - h. What is the units digit of t?
9
Let v be -103*(2 - 4) - 0. What is the units digit of v/14 + (-8)/(-28)?
5
Let v(b) = -b + 4. Let m be v(6). Let j be m/5 - 4/(-10). What is the units digit of (-5 + 0 - j)/(-1)?
5
Let j be 12 + 1 - (-9)/(-3). Let k = 9 + j. What is the tens digit of k?
1
Let u(x) = 2*x**2 - 2*x - 2. Let r be u(6). Suppose 22 = -4*a + r. What i